t common divisor of 30192 and 510?
102
What is the greatest common divisor of 9598809 and 899?
31
What is the highest common divisor of 44756 and 1726780?
668
Calculate the highest common divisor of 931 and 6836725.
49
What is the highest common factor of 84477 and 3531527?
971
What is the greatest common factor of 393888 and 46252?
1492
What is the greatest common divisor of 532117 and 226?
113
Calculate the highest common divisor of 247950 and 10095480.
2610
Calculate the greatest common factor of 78060493 and 1197.
133
What is the greatest common factor of 3597 and 329187848?
1199
Calculate the highest common factor of 174559404 and 4.
4
What is the greatest common divisor of 32655 and 372435?
105
What is the highest common divisor of 20280 and 320710?
130
What is the highest common factor of 4532460 and 870?
30
What is the greatest common factor of 3165137 and 1494767?
4283
What is the greatest common factor of 2920 and 23465120?
2920
What is the greatest common factor of 637 and 80405507?
91
What is the greatest common factor of 156775142 and 2738?
2738
Calculate the greatest common divisor of 350 and 71170330.
70
Calculate the highest common factor of 1038516 and 31524.
444
Calculate the greatest common factor of 406602 and 71442.
882
Calculate the highest common factor of 968301068 and 427.
427
Calculate the greatest common factor of 74153536 and 4544.
4544
Calculate the highest common divisor of 82062 and 260991.
423
Calculate the highest common divisor of 1 and 2630430.
1
What is the highest common factor of 95 and 7649780?
95
Calculate the greatest common divisor of 124353191 and 131.
131
Calculate the highest common factor of 47323015 and 89680.
5605
What is the greatest common factor of 102674944 and 32?
32
What is the highest common factor of 14 and 375397358?
14
What is the greatest common divisor of 494670 and 51810?
330
What is the greatest common divisor of 226 and 99393783?
113
What is the highest common factor of 444 and 26445417?
111
Calculate the greatest common factor of 5296482 and 4779.
27
Calculate the greatest common divisor of 47328580 and 8.
4
Calculate the highest common divisor of 300099 and 25050.
501
What is the highest common divisor of 171 and 3615377?
19
Calculate the greatest common divisor of 4032822 and 2430.
6
What is the greatest common divisor of 3687753 and 24?
3
Calculate the highest common factor of 558929945 and 21.
7
Calculate the highest common factor of 221684064 and 2336.
2336
What is the highest common divisor of 117 and 65276388?
9
Calculate the highest common factor of 19383520 and 3328.
416
Calculate the greatest common factor of 26610474 and 120768.
3774
What is the greatest common divisor of 4 and 617332?
4
Calculate the greatest common divisor of 91194 and 7494.
6
Calculate the greatest common divisor of 1423940 and 68291.
1453
What is the highest common factor of 902 and 96813013?
451
What is the highest common factor of 673036 and 1148?
28
Calculate the greatest common factor of 424189948 and 13.
13
What is the greatest common divisor of 6582605 and 10305?
1145
Calculate the greatest common divisor of 3485289 and 24011.
1847
What is the highest common divisor of 5936 and 2305417744?
5936
What is the highest common divisor of 82970 and 80090?
10
What is the highest common divisor of 3024 and 4022928?
1008
Calculate the highest common factor of 12843 and 15768.
9
Calculate the greatest common factor of 1184349541 and 422.
211
What is the highest common factor of 1412886 and 13010?
2602
Calculate the greatest common divisor of 486 and 877402287.
243
What is the highest common factor of 444 and 3352332?
12
What is the highest common factor of 403 and 12188301?
31
What is the greatest common divisor of 128874 and 36096?
282
Calculate the greatest common factor of 831 and 167585.
277
What is the highest common divisor of 24 and 81022374?
6
Calculate the highest common factor of 26914077 and 612.
153
What is the highest common divisor of 5241 and 368949?
3
What is the greatest common factor of 3 and 740254389?
3
Calculate the greatest common factor of 63 and 9341661.
21
Calculate the highest common divisor of 466 and 29979178.
466
What is the highest common divisor of 35026405 and 855?
95
Calculate the highest common factor of 13296 and 41136.
48
What is the greatest common divisor of 25 and 1186970?
5
Calculate the greatest common factor of 1378222 and 78318.
38
What is the greatest common divisor of 609958166 and 118?
118
What is the greatest common divisor of 139 and 15689486?
139
Calculate the greatest common factor of 108 and 5672476.
4
What is the highest common divisor of 1075 and 1077365?
215
What is the greatest common factor of 12733 and 4955063?
107
Calculate the greatest common divisor of 6310500 and 93155.
3005
Calculate the highest common divisor of 4015560 and 456.
24
Calculate the highest common divisor of 261 and 757248957.
261
Calculate the highest common divisor of 12178056 and 35208.
3912
What is the greatest common divisor of 598 and 21520837?
13
Calculate the highest common divisor of 2315570 and 2890.
170
What is the highest common divisor of 768550 and 90250?
950
Calculate the greatest common divisor of 115111 and 9374.
43
What is the highest common divisor of 11858 and 2111692?
242
Calculate the greatest common factor of 27853 and 18851637.
1211
What is the highest common factor of 1108657 and 319?
11
Calculate the highest common factor of 4116910 and 1960.
70
Calculate the greatest common factor of 282 and 67474.
2
What is the greatest common divisor of 8499537 and 396?
9
Calculate the highest common factor of 8061796 and 142236.
1756
What is the highest common divisor of 5922870624 and 698?
698
What is the greatest common factor of 420 and 170494485?
105
Calculate the greatest common factor of 1201 and 31525049.
1201
What is the highest common factor of 12522 and 1254312044?
4174
Calculate the greatest common factor of 1135230 and 356855.
2395
Calculate the greatest common factor of 325131400 and 90.
10
What is the greatest common divisor of 4454796 and 180?
12
Calculate the greatest common factor of 1129055 and 39287.
17
Calculate the highest common divisor of 94855 and 22692.
61
Calculate the highest common divisor of 201561443 and 2185.
437
What is the greatest common divisor of 16065 and 163755?
135
What is the greatest common factor of 410 and 10460330?
410
What is the highest common factor of 17 and 4949941?
17
Calculate the highest common divisor of 1086991271 and 17.
17
Calculate the highest common divisor of 227078787 and 17589.
1599
What is the greatest common factor of 715 and 112390850?
715
What is the highest common factor of 982434 and 69423?
219
Calculate the highest common divisor of 720 and 33355080.
360
What is the highest common divisor of 129420387 and 108?
9
What is the greatest common divisor of 27604 and 17290816?
412
Calculate the highest common factor of 551986 and 893606.
1798
What is the highest common factor of 616 and 2640484?
308
What is the greatest common factor of 5776 and 433648?
16
Calculate the greatest common divisor of 147122251 and 89.
89
Calculate the highest common divisor of 144105 and 178425.
195
What is the greatest common factor of 5355660 and 1440?
60
What is the greatest common factor of 3307890 and 385530?
2130
What is the greatest common factor of 22 and 1477913943?
11
What is the greatest common divisor of 21606 and 4953591?
831
What is the greatest common divisor of 160 and 16412912?
16
What is the greatest common divisor of 1815 and 2349728040?
1815
Calculate the greatest common factor of 846 and 16768707.
141
Calculate the highest common divisor of 229058125 and 625.
625
What is the greatest common divisor of 5763881 and 39025?
223
Calculate the greatest common divisor of 7439320 and 7560.
280
What is the greatest common factor of 391 and 4488255?
17
What is the greatest common factor of 9392 and 35761801?
587
Calculate the highest common divisor of 22506 and 359352.
186
Calculate the highest common factor of 204 and 14544612.
12
What is the greatest common factor of 117943 and 47619131?
1421
Calculate the highest common factor of 1912 and 21574052.
956
What is the highest common divisor of 14 and 23305681?
7
